at is n(p)?
-8
Let n(c) be the second derivative of -c**5/20 - 7*c**4/6 - c**3/6 - 8*c**2 - c - 6. What is n(-14)?
-2
Let u(r) be the third derivative of r**4/24 + 3*r**3/2 - 3*r**2 - 52*r. Calculate u(0).
9
Let h(p) = -p**2 + 9*p + 15. Let v(n) = -n - 1. Let r(d) = -h(d) - 5*v(d). Give r(8).
22
Let v(l) = 5*l. Let r be (-2)/(-1) - (-7)/(-7). Suppose -6*c + 7*c + r = 0. Give v(c).
-5
Let y(c) = -4*c + 12. Suppose 5*l + 0*j = -3*j + 73, -54 = -4*l + 2*j. Let a = l - 6. Calculate y(a).
-20
Let k(n) be the first derivative of 5 + 2*n - 1/4*n**4 - 2/3*n**3 + 3*n**2. Suppose 4*i - 5*u + 1 = 0, i - 2*i + 3*u = -5. Determine k(i).
10
Let y(p) = 3*p**2 + 4 - 222*p**3 - 6 + 223*p**3 + 6*p. Give y(-5).
-82
Suppose -13*z - 56 = 15*z. Let t(u) = -u**2. Let v(y) = y + 1. Let p(n) = 2*t(n) + 3*v(n). Calculate p(z).
-11
Let k(s) be the first derivative of s**4/4 + 7*s**3/3 + 11*s**2/2 - 5*s - 705. Determine k(-5).
-10
Let j(p) be the second derivative of -p**5/20 + p**4/6 + 5*p**3/6 - p**2 - 2*p. Let f be (-19)/3 - (4 + (-26)/6). Let l be (-6)/4*(-8)/(-24)*f. Calculate j(l).
4
Suppose -a = -r + 5, -a + 2*r = 3*a + 18. Let y be 1/(((-1)/(-2))/1). Let d(t) = 3 + 3*t - 2 - 3*t**y - 2 - t**3. Calculate d(a).
3
Suppose 4*b + 2 + 18 = 0, 21 = 2*s - b. Let o(n) = 7*n**3 - s + 6 + 0 + 3 + 2*n + 2*n**2. Calculate o(-1).
-6
Let q = -92 - -75. Suppose 48 = -o + 5*o. Let m = q + o. Let l(r) = r**2 + 4*r - 1. Determine l(m).
4
Suppose 0 = -5*i - 6 - 9. Let a = 5 + -3. Let t(z) = 1 + z**a + 2*z**2 + 0*z + z**3 - z. Give t(i).
4
Let k(z) = z**3 - z**2 - 5*z + 5. Let m(o) be the third derivative of o**6/60 - o**5/20 - 3*o**4/8 + 3*o**3/2 + 2*o**2. Let v(q) = 5*k(q) - 3*m(q). Give v(4).
6
Let a(f) = 42*f**3 + f**2. Let m = 998 + -997. Determine a(m).
43
Let v(p) = 126 - 70 - 2*p - 25. Give v(17).
-3
Let h(o) = -o**2 + 16*o - 46. Let v be h(13). Let d(m) = m**3 + 8*m**2 + 5*m - 9. What is d(v)?
5
Suppose -6*v = -3*v - 12. Suppose -v*k + 3 = 19. Let g(d) = 6*d**2 + 10*d + 7. Let i(l) = 2*l**2 + 3*l + 2. Let o(z) = -4*g(z) + 11*i(z). What is o(k)?
-10
Let z(q) be the first derivative of -q**3 + q**2/2 - 113. Calculate z(-1).
-4
Let d(p) = 2*p + 19. Let y be d(-7). Let s(m) = 4*m - 3 - y + 10 + 1. Give s(-3).
-9
Suppose -2*u - 4*y + 3 = -u, 2*u + 1 = -y. Let s be (-1 - u)/(3/(9/(-3))). Let r(z) be the second derivative of -z**4/12 - z**3/6 + z**2 - z. Give r(s).
2
Let c(v) = -3*v + 3. Let d = 129 + -125. Calculate c(d).
-9
Let g = 229 + -229. Let h(u) = u + 13. Determine h(g).
13
Let t(f) = f - 181 - 17 + 197 - f**3. Let d(s) = 6*s**3 - 10*s**2 + 6*s - 1. Let v(q) = q**3 - q**2 + 1. Let o(j) = -d(j) + 5*v(j). Let u be o(4). Give t(u).
5
Let u(q) = q**3 + 5*q**2 - 9*q - 7. Let y be -12 - (-6 + (0 - 0)). What is u(y)?
11
Let x(l) be the second derivative of -l**3/3 - 4*l**2 + 2*l. Suppose 33 = -3*f + 5*c, 0 = c - 2*c + 3. Calculate x(f).
4
Let z(v) = -8*v**2 + 239*v**3 + 17 + 4*v - 119*v**3 - 119*v**3. Calculate z(7).
-4
Let h(j) = -1 - 2 + 2171*j**3 - 4*j**2 + 7 - 2172*j**3. Calculate h(-4).
4
Let u(d) = d**2 - 9*d + 3. Let m be 18/(-15)*5/(-3)*3. Give u(m).
-15
Let n(o) = o. Let p = 58 - 54. Calculate n(p).
4
Let j = -892 + 889. Let s(i) = -7*i - 4. Calculate s(j).
17
Let b(o) = -31*o**3 + 85*o**2 - 21. Let h(f) = 11*f**3 - 29*f**2 + 7. Let w(s) = -6*b(s) - 17*h(s). Give w(-17).
7
Let t(a) = -9*a - 15. Let w be t(-2). Let u(k) = -11*k - 1. Determine u(w).
-34
Let h(z) be the first derivative of z**4/4 + 13*z**3/3 + 5*z**2 - 8*z + 243. Determine h(-12).
16
Let c(v) = -19*v**2 + 0*v - 3 + 4 + 11*v**2 + 4*v + 6*v**2. Calculate c(3).
-5
Suppose 2*p - 4*m = 14, m + 17 = 4*p + p. Suppose g = -f + 3, -g + f + 0*f - p = 0. Let v(j) = j + 11. Determine v(g).
11
Suppose -u - 2*u + 15 = 0. Suppose u*d + 12 = -13. Let f(x) be the first derivative of x**2/2 + 5*x + 255. Determine f(d).
0
Let b = -207 - -204. Let w(k) = -k**3 - 3*k**2 - k - 2. What is w(b)?
1
Let u(s) = -29*s**3 - 2*s**2 + 4. Let i(a) = 3*a**3 - 1. Let b(z) = -3*i(z) - u(z). What is b(-1)?
-19
Let u = -16 + 11. Let f(v) = 2*v - 9. Let i(r) = r - 6. Let m(s) = u*f(s) + 8*i(s). Let c(b) = 4*b + 7. Let x(l) = 2*c(l) + 5*m(l). Calculate x(4).
-9
Suppose -4*h + s - 30 = 0, 2 = 2*s - 2. Let m(i) = i**2 + 7*i - 4. Let c be m(h). Let v be (-18)/c*(-8)/12. Let k(u) = -2*u - 2. Calculate k(v).
4
Let c = 80 - 76. Let z(u) = 0*u + 4*u**3 - 3*u**3 + 6*u + 2 + c*u**2 - 2*u. Let i(w) = -2*w**2 + w - 1. Let k be i(1). What is z(k)?
2
Let x(i) = -3*i**2 - 67*i - 231. Let h be x(-18). Let m(j) = j + 1 - 5*j + 2*j. Let d(t) = -2*t + 2. Let z(o) = -3*d(o) + 4*m(o). Determine z(h).
-8
Let d(v) = 6*v + 4 + 1 - v**2 - v**3 - 4*v**2 + 1. Let c = -19 + 13. Give d(c).
6
Let n be 2*2*(-7)/(-4). Let x(v) = 2*v**2 + 4*v - 1. Let k(p) = -p**2 + p + 2. Let i(g) = 3*k(g) + x(g). Give i(n).
5
Let f(m) = -7*m + 18. Let i(c) = 3*c - 8. Let l(a) = -2*f(a) - 5*i(a). Determine l(-7).
11
Let b(l) = 140*l - 302*l + 148*l + l**3 + 9 + 14*l**2. Give b(-15).
-6
Suppose 4*h = -3*k + 5 - 34, 20 = -2*h + 4*k. Let q(v) = -10 - 3*v + 0*v**2 + v**3 - 6*v + 7*v**2. Calculate q(h).
-2
Let u(r) = -r - 1. Let a = 274 - 281. What is u(a)?
6
Suppose r + 3*r + 12 = 0. Let o = 10 + -7. Let t(p) = -1 - 2*p**o - 18*p**2 + 4 + p**3 + 15*p**2. Give t(r).
3
Let i(x) = 2*x + 0*x - 4*x + 2 - 3. Suppose 15*c - 80 = 17*c. Let l be 2/11 + c/(-22). Give i(l).
-5
Let n(k) be the second derivative of k**5/20 + 2*k**4/3 - 3*k**3/2 + 13*k**2/2 - k. Suppose -2*j + y - 19 + 5 = 0, -3*j + y - 23 = 0. Give n(j).
13
Let r(u) = -2*u - 2. Let x be (-4)/12*-33 - (-3)/(-1). Let b(c) = -c + 11. Let h be b(x). Calculate r(h).
-8
Let n(v) be the first derivative of v**4/4 - v**3 - 3*v**2/2 - 5*v - 13. Let g be ((-12)/(-10) - 0)/((-6)/(-20)). Give n(g).
-1
Let q(z) = -11*z. Suppose -4*d - 22 = -6*d. Let x(b) = -b**2 + 9*b + 8. Let j be x(d). Let a = 15 + j. Give q(a).
-11
Let m(w) be the first derivative of -13*w**2/2 - w + 269. What is m(-5)?
64
Let o(p) = p**3 + 2*p**3 - 2 - 4*p**3 - 4*p**2 + 0*p**3. Let z = -19 + 29. Suppose -z*s = -7*s + 12. Give o(s).
-2
Let z(r) = -2*r + 5. Let j be 24/(-204) + 2/17. Let m be z(j). Let d(g) = -g**2 + 3*g + 6. What is d(m)?
-4
Let r(f) be the third derivative of f**6/120 - f**5/60 - f**3/3 - 5*f**2. Let j = -62 - -62. What is r(j)?
-2
Let r(w) = w**2 - 5*w + 4. Let v be (4 + (-9)/3)/(-1). Let a be (-1 - (-2 - v))/1. Let j = a + 5. Determine r(j).
4
Let y(o) = -o**3 + 5*o - 2. Let h = -1188 + 1192. Give y(h).
-46
Let y(o) = -2*o + 5. Let v = 17 + -14. Let t be -6 + (v - 5) + 3. Calculate y(t).
15
Let y(d) = d**3 + d**2 - d - 31. Suppose -8 = 4*m - 3*m + 2*a, -20 = -4*m + 5*a. Give y(m).
-31
Let y(a) = 7*a + 18. Let t(m) = -2*m. Let p(d) = -4*t(d) - y(d). Determine p(16).
-2
Let l(g) = 8*g + 8. Let p(o) = -3*o - 2. Let q(h) = -4*l(h) - 11*p(h). Determine q(9).
-1
Let k(m) = -m**3 + 4*m + 3. Let d(q) = 1 - 15 - 11 - 9*q - q**2 + 3. Let u be d(-5). Calculate k(u).
3
Let o(h) = 3*h**2 - 17*h + 6. Let q be (252/315)/((-2)/(-15)). What is o(q)?
12
Suppose 0 = 5*d + 117 - 342. Suppose p - 4*p = -d. Suppose p = -i - 4*i. Let y(j) = 2*j + 1. What is y(i)?
-5
Let x(u) = -u - 2. Let f(w) = -18*w + 1. Let g be f(-2). Let i = g - 41. Determine x(i).
2
Let o(c) = c**2 + 6*c - 4. Let l be o(-7). Let j(v) be the first derivative of -v - 2*v**2 + 1/3*v**3 + 5. Determine j(l).
-4
Let i(q) = -q**3 - q**2 + q - 2. Let c be -1*(3 - (8 - -4)). Suppose -4*x + s = -31, -x + 4*s = c + 2. Let z = x + -11. Calculate i(z).
0
Let o(k) = 15*k**3 - 3*k**2 + 11*k + 25. Let b be (-12)/15 + 1 + (-132)/10. Let n(j) = -7*j**3 + j**2 - 5*j - 12. Let d(s) = b*n(s) - 6*o(s). What is d(-5)?
11
Let i = 590 + -593. Let y(o) = 2 + 4*o - 4 - 1 + 4. Determine y(i).
-11
Let t(u) = 4*u**3 + 5*u**2 + 19*u - 16. Let a(d) = 2*d - 15*d + d**3 - 217*d**2 + 11 + 214*d**2 - 4*d**3. Let y(r) = -7*a(r) - 5*t(r). Determine y(5).
8
Let u(p) be the second derivative of -p**4/24 - p**3/2 - 5*p**2 + 14*p. Let z(i) be the first derivative of u(i). What is z(0)?
-3
Suppose 15*n + 14 = 44. Let w(o) = 9*o + 2. Give w(n).
20
Let t(d) = 893*d. Suppose 3*i = -i - 380. Let b(o) = -19*o. Let q(l) = i*b(l) - 2*t(l). Give q(-1).
-19
Let u be (-4 - -1) + -37 + 33. Let l(t) = t**3 + 5*t**2 - 10*t - 2. What is l(u)?
-30
Let g(n) = -57*n**3 